{"id":28,"date":"2022-08-24T20:36:34","date_gmt":"2022-08-24T18:36:34","guid":{"rendered":"https:\/\/felicebianco.wordpress.com\/?page_id=28"},"modified":"2025-10-15T16:47:43","modified_gmt":"2025-10-15T14:47:43","slug":"sekretariat","status":"publish","type":"page","link":"https:\/\/www.ksl.co.at\/?page_id=28","title":{"rendered":"Sekretariat"},"content":{"rendered":"\n<h2 class=\"wp-block-heading alignfull has-background-color has-text-color has-background has-system-font-font-family\" style=\"background-color:#d1043af5;font-style:normal;font-weight:400\">Sekretariat<\/h2>\n\n\n\n<div style=\"height:100px\" aria-hidden=\"true\" class=\"wp-block-spacer\"><\/div>\n\n\n\n<figure class=\"wp-block-image size-large\"><img loading=\"lazy\" decoding=\"async\" width=\"1024\" height=\"683\" src=\"https:\/\/www.ksl.co.at\/wp-content\/uploads\/2022\/11\/Kanzlei_62-1024x683.jpg\" alt=\"\" class=\"wp-image-261\" srcset=\"https:\/\/www.ksl.co.at\/wp-content\/uploads\/2022\/11\/Kanzlei_62-1024x683.jpg 1024w, https:\/\/www.ksl.co.at\/wp-content\/uploads\/2022\/11\/Kanzlei_62-300x200.jpg 300w, https:\/\/www.ksl.co.at\/wp-content\/uploads\/2022\/11\/Kanzlei_62-768x512.jpg 768w, https:\/\/www.ksl.co.at\/wp-content\/uploads\/2022\/11\/Kanzlei_62-1536x1024.jpg 1536w, https:\/\/www.ksl.co.at\/wp-content\/uploads\/2022\/11\/Kanzlei_62-2048x1365.jpg 2048w\" sizes=\"auto, (max-width: 1024px) 100vw, 1024px\" \/><\/figure>\n\n\n\n<h3 class=\"wp-block-heading has-text-align-center\">Unsere Mitarbeiter <\/h3>\n\n\n\n<p>Kanzleileitung und Buchhaltung: Angelika West<\/p>\n\n\n\n<p>Sekret\u00e4rin: Tanja R\u00f6der<\/p>\n\n\n\n<p>studentische Mitarbeiter: Jana Raggl, Ajla Zukic und Mathias Mader<\/p>\n\n\n\n<p>Juristischer Mitarbeiter: Raphael Lederer<\/p>\n\n\n\n<p><\/p>\n\n\n\n<hr class=\"wp-block-separator has-alpha-channel-opacity\"\/>\n\n\n\n<h3 class=\"wp-block-heading has-text-align-center\">Jobs<\/h3>\n\n\n\n<p>Wir besch\u00e4ftigen laufend Studententinnen und Studenten der Rechtswissenschaften f\u00fcr diverse T\u00e4tigkeiten in unserer Kanzlei.&nbsp;&nbsp;<br>Bewerbungen bitte ausschlie\u00dflich per Email an h.lederer@ksl.co.at<br>Wir freuen uns auf Ihren aussagekr\u00e4ftigen Lebenslauf samt Foto.<\/p>\n","protected":false},"excerpt":{"rendered":"<p>Sekretariat Unsere Mitarbeiter Kanzleileitung und Buchhaltung: Angelika West Sekret\u00e4rin: Tanja R\u00f6der studentische Mitarbeiter: Jana Raggl, Ajla Zukic und Mathias Mader Juristischer Mitarbeiter: Raphael Lederer Jobs Wir besch\u00e4ftigen laufend Studententinnen und Studenten der Rechtswissenschaften f\u00fcr diverse T\u00e4tigkeiten in unserer Kanzlei.&nbsp;&nbsp;Bewerbungen bitte ausschlie\u00dflich per Email an h.lederer@ksl.co.atWir freuen uns auf Ihren aussagekr\u00e4ftigen Lebenslauf samt Foto.<\/p>\n","protected":false},"author":1,"featured_media":0,"parent":22,"menu_order":0,"comment_status":"closed","ping_status":"closed","template":"","meta":{"footnotes":""},"class_list":["post-28","page","type-page","status-publish","hentry"],"_links":{"self":[{"href":"https:\/\/www.ksl.co.at\/index.php?rest_route=\/wp\/v2\/pages\/28","targetHints":{"allow":["GET"]}}],"collection":[{"href":"https:\/\/www.ksl.co.at\/index.php?rest_route=\/wp\/v2\/pages"}],"about":[{"href":"https:\/\/www.ksl.co.at\/index.php?rest_route=\/wp\/v2\/types\/page"}],"author":[{"embeddable":true,"href":"https:\/\/www.ksl.co.at\/index.php?rest_route=\/wp\/v2\/users\/1"}],"replies":[{"embeddable":true,"href":"https:\/\/www.ksl.co.at\/index.php?rest_route=%2Fwp%2Fv2%2Fcomments&post=28"}],"version-history":[{"count":13,"href":"https:\/\/www.ksl.co.at\/index.php?rest_route=\/wp\/v2\/pages\/28\/revisions"}],"predecessor-version":[{"id":456,"href":"https:\/\/www.ksl.co.at\/index.php?rest_route=\/wp\/v2\/pages\/28\/revisions\/456"}],"up":[{"embeddable":true,"href":"https:\/\/www.ksl.co.at\/index.php?rest_route=\/wp\/v2\/pages\/22"}],"wp:attachment":[{"href":"https:\/\/www.ksl.co.at\/index.php?rest_route=%2Fwp%2Fv2%2Fmedia&parent=28"}],"curies":[{"name":"wp","href":"https:\/\/api.w.org\/{rel}","templated":true}]}}